022
In base 8, what is -7465 - -5?
-7460
In base 10, what is -3 - -33376?
33373
In base 3, what is -211 - -20011102?
20010121
In base 4, what is 231 + -232203?
-231312
In base 10, what is -1 - 2043?
-2044
In base 14, what is 1c8bb - -7?
1c8c4
In base 16, what is 6281 + 16?
6297
In base 5, what is -11414412 + 2?
-11414410
In base 6, what is 42125 + 5?
42134
In base 11, what is 94155 - 2?
94153
In base 13, what is -689760 + -2?
-689762
In base 13, what is -a45a6 + -3?
-a45a9
In base 13, what is -5 - -15b9cc?
15b9c7
In base 12, what is 122975 + 4?
122979
In base 2, what is 100011101 - -1001100100?
1110000001
In base 8, what is 4 + 32550?
32554
In base 14, what is 17561 + 1?
17562
In base 10, what is 2342 + -13?
2329
In base 16, what is 5 - 64fc?
-64f7
In base 3, what is 0 + -12120010220?
-12120010220
In base 3, what is 2011002 - -222?
2012001
In base 15, what is 943 - 49c?
496
In base 7, what is 3146645 + 1?
3146646
In base 11, what is 66553 - 14?
6653a
In base 2, what is 10 + -100110010111111001?
-100110010111110111
In base 4, what is 101 + 202310?
203011
In base 12, what is 130b - bb?
1210
In base 8, what is -1147055 + 13?
-1147042
In base 16, what is ab8 - 2?
ab6
In base 6, what is -5 + -3425311?
-3425320
In base 7, what is 35334 - -12?
35346
In base 2, what is 1111000010 - 1100101111?
10010011
In base 14, what is -1 - 7ca0?
-7ca1
In base 3, what is 1110002 + -11111?
1021121
In base 13, what is 1a93b - 1?
1a93a
In base 16, what is -e0 - 9?
-e9
In base 15, what is -2 + 4ea2?
4ea0
In base 4, what is 0 - 132230102?
-132230102
In base 15, what is -1a0d - 6?
-1a14
In base 6, what is 11532 - 42?
11450
In base 7, what is 500561 - -3?
500564
In base 2, what is -1000 - -100010100011000100?
100010100010111100
In base 6, what is 445255040 + 3?
445255043
In base 2, what is 11011000011101111 + -1000?
11011000011100111
In base 5, what is -33200 - 242?
-33442
In base 16, what is a68d - 19?
a674
In base 16, what is 0 - -33?
33
In base 7, what is -51446 - -2?
-51444
In base 14, what is -50 + 78?
28
In base 2, what is -10010 - 101110101100?
-101110111110
In base 2, what is -110101011111001000110111 + -11?
-110101011111001000111010
In base 14, what is 1 + -4486?
-4485
In base 12, what is 1 - -4781b2?
4781b3
In base 14, what is -10 - -cad7b?
cad6b
In base 14, what is -6 + -51cd?
-51d5
In base 14, what is -259 - -a?
-24d
In base 5, what is -312 + -4143?
-10010
In base 3, what is -2012 - 12010020?
-12012102
In base 9, what is -151743 + -3?
-151746
In base 5, what is 1300 + 2004?
3304
In base 12, what is -44 - -98?
54
In base 14, what is -5494 + -d?
-54a3
In base 10, what is 2 - -7234?
7236
In base 12, what is -5 + 88603?
885ba
In base 4, what is -11021201330 - 2?
-11021201332
In base 10, what is -388980 - 2?
-388982
In base 13, what is 32b9 + 7?
32c3
In base 15, what is -145be - -1?
-145bd
In base 8, what is -13266 - -15?
-13251
In base 5, what is -102320 + -2?
-102322
In base 15, what is 60 - -646a?
64ca
In base 5, what is 0 - 200033400?
-200033400
In base 8, what is -43226 - 14?
-43242
In base 8, what is -7475 + 1061?
-6414
In base 11, what is -99529 - 8?
-99536
In base 11, what is 451 - a?
442
In base 8, what is 113 - -2535?
2650
In base 12, what is 16 - 30a2?
-3088
In base 16, what is 83cd + f?
83dc
In base 2, what is 100000000110 + 1010010?
100001011000
In base 7, what is -64 + -11224?
-11321
In base 3, what is 1100220 + -10?
1100210
In base 14, what is 14 + 79?
8d
In base 10, what is -66 + -498?
-564
In base 9, what is -7 + 12353?
12345
In base 15, what is -225 - -1c0c?
19d7
In base 6, what is -133201102 - 1?
-133201103
In base 5, what is -1303 + -122?
-1430
In base 9, what is 3 + -4552?
-4548
In base 2, what is 11 + -11000100111011101?
-11000100111011010
In base 5, what is 243144 - 10?
243134
In base 8, what is 513677 - -4?
513703
In base 14, what is 39 - -5353?
538c
In base 4, what is 21112122200 + -2?
21112122132
In base 11, what is 2 + 117145?
117147
In base 4, what is -1130020322 - 2?
-1130020330
In base 7, what is 12 + -1455220?
-1455205
In base 16, what is -b14 - -75?
-a9f
In base 7, what is 45210 - 254?
44623
In base 5, what is -1344441 - 10?
-1400001
In base 4, what is 2311203232 + 10?
2311203302
In base 9, what is -732 + 53?
-668
In base 7, what is 656 - 13103?
-12114
In base 11, what is 138 + -300?
-173
In base 16, what is 5 + -1df7?
-1df2
In base 7, what is -111 + 13063?
12652
In base 4, what is 3130322 - 31?
3130231
In base 13, what is -3 + 5656?
5653
In base 13, what is 4 + -436c?
-4368
In base 10, what is -55783 - -4?
-55779
In base 9, what is 364288 + 1?
364300
In base 10, what is 0 - 197955?
-197955
In base 8, what is 55210 - -63?
55273
In base 13, what is -420b2 + -9?
-420bb
In base 7, what is 11 - 302216?
-302205
In base 16, what is -5b3 + -1?
-5b4
In base 12, what is 174 + 2173?
2327
In base 9, what is -1701 + 448?
-1242
In base 9, what is 11 + -41162?
-41151
In base 16, what is 64e + -15?
639
In base 15, what is -ad - e7?
-1a5
In base 10, what is -10 + 539?
529
In base 6, what is 0 + -4035015?
-4035015
In base 15, what is -5 + -6ad37?
-6ad3c
In base 2, what is -111 + -100101101110?
-100101110101
In base 3, what is -10020 + -222110120?
-222120210
In base 13, what is -2c91 - 3a?
-2ccb
In base 2, what is 10000100010101 + -100000010?
10000000010011
In base 14, what is 8 - -6a8?
6b2
In base 9, what is -15 + -45802?
-45817
In base 7, what is -11 + -43116?
-43130
In base 16, what is 101 - 20e?
-10d
In base 9, what is -412 + -3?
-415
In base 10, what is -24664 + -10?
-24674
In base 15, what is -1ba5 - 49?
-1bee
In base 5, what is 1401141 - -3?
1401144
In base 12, what is 6b046 - 6?
6b040
In base 8, what is -63406 + 1?
-63405
In base 7, what is 5 - -526155?
526163
In base 16, what is 3 + -8195?
-8192
In base 6, what is -2 - 34523130?
-34523132
In base 6, what is 3315 - 30?
3245
In base 8, what is -5 + -262411?
-262416
In base 15, what is -104 - 124d?
-1352
In base 4, what is -2120123222 + -20?
-2120123302
In base 12, what is -12 + -2b77?
-2b89
In base 10, what is 10113 - 189?
9924
In base 7, what is 62105 + 4?
62112
In base 15, what is -49b1 + -43?
-4a04
In base 5, what is -212101414 - 3?
-212101422
In base 2, what is -110110 + 1010011101?
1001100111
In base 3, what is 21020 - 2201101?
-2110011
In base 5, what is -343221 + 10?
-343211
In base 6, what is 3152422 - -4?
3152430
In base 8, what is -572057 - 0?
-572057
In base 8, what is -4 - 537503?
-537507
In base 5, what is 2212240 + 40?
2212330
In base 11, what is -486 + 181?
-305
In base 16, what is -4 - -c84?
c80
In base 3, what is -10 - 10000122?
-10000202
In base 15, what is 451cc + 2?
451ce
In base 16, what is -3 - 27f8?
-27fb
In base 2, what is -100 - 11100011001000000111?
-11100011001000001011
In base 3, what is -1001221 - 10002111?
-11011102
In base 2, what is -100111 - -11110000111?
11101100000
In base 6, what is 252 + -34535?
-34243
In base 10, what is 20 - -6509?
6529
In base 14, what is -4 + a34d?
a349
In base 15, what is 2 + -6a4b?
-6a49
In base 16, what is 3 - -78416?
78419
In base 3, what is -2020112 - -11?
-2020101
In base 2, what is 10011110 + 10001011?
100101001
In base 6, what is 0 - 124531?
-124531
In base 10, what is -1861 + -208?
-2069
In base 8, what is 0 - 763575?
-763575
In base 16, what is -ab3 - 9?
-abc
In base 12, what is 1704 - -207?
190b
In base 15, what is 39829 - -3?
3982c
In base 16, what is 36417 + 1?
36418
In base 13, what is -117 - b0?
-1c7
In base 12, what is 1b + -1a348?
-1a329
In base 9, what is -8 + 66544?
66535
In base 8, what is 112546 - 0?
112546
In base 7, what is -13 - -10153?
10140
In base 11, what is 2 - -61174?
61176
In base 5, what is 111341 + 10?
111401
In base 8, what is 505 + -2202?
-1475
In base 8, what is 7207 + 1244?
10453
In base 2, what is 1001101 - 111111101?
-110110000
In base 15, what is -5 + 1e104?
1e0ee
In base 3, what is -10101200121 - 2?
-10101200200
In base 15, what is -37 - -4072?
403a
In base 12, what is 3 - 119577?
-119574
In base 9, what is 2422 + -43?
2368
In base 10, what is 18 - -12142?
12160
In base 14, what is -12 + 14ba?
14a8
In base 6, what is 201425 - -45?
201514
In base 10, what is -181833 + 4?
-181829
In base 14, what is -74ab - 4?
-74b1
In base 4, what is 212113 + -20230?
131223
In base 7, what is -5 - 2033306?
-20